{"id":989008,"date":"2021-08-04T08:08:42","date_gmt":"2021-08-04T08:08:42","guid":{"rendered":"https:\/\/chiury.it\/product\/olive-nere-intaccate\/"},"modified":"2021-12-14T16:12:43","modified_gmt":"2021-12-14T16:12:43","slug":"olive-nere-intaccate","status":"publish","type":"product","link":"https:\/\/chiury.it\/de\/product\/olive-nere-intaccate\/","title":{"rendered":"Gew\u00fcrzte schwarze Oliven 300gr"},"content":{"rendered":"<div class=\"vgblk-rw-wrapper limit-wrapper\">Die Olive nere intaccate geh\u00f6ren ebenfalls zur kulinarischen Tradition Kalabriens.Mit dieser au\u00dfergew\u00f6hnlichen Zubereitungsart k\u00f6nnen Sie die schwarzen Oliven in \u00d6l konservieren, gew\u00fcrzt mit duftenden Aromen wie Origano, Knoblauch, Fenchel und Peperoncino.<br \/>\nHervorragend geeignet als Vorspeise, aber genauso als Beilage beim ersten oder dem zweiten Gang, um Fleisch, Fisch oder Gem\u00fcse zu verfeinern sowie eine Pizza.<\/div>\n<p><!-- .vgblk-rw-wrapper --><\/p>\n","protected":false},"excerpt":{"rendered":"<p>Die Olive nere intaccate geh\u00f6ren ebenfalls zur kulinarischen Tradition Kalabriens.<\/p>\n","protected":false},"featured_media":988488,"template":"","meta":[],"product_cat":[90],"product_tag":[100],"class_list":{"0":"post-989008","1":"product","2":"type-product","3":"status-publish","4":"has-post-thumbnail","6":"product_cat-olives-de","7":"product_tag-black-de","9":"first","10":"instock","11":"shipping-taxable","12":"purchasable","13":"product-type-simple"},"yoast_head":"<!-- This site is optimized with the Yoast SEO plugin v23.3 - https:\/\/yoast.com\/wordpress\/plugins\/seo\/ -->\n<title>Gew\u00fcrzte schwarze Oliven 300gr - Chiury<\/title>\n<meta name=\"robots\" content=\"index, follow, max-snippet:-1, max-image-preview:large, max-video-preview:-1\" \/>\n<link rel=\"canonical\" href=\"https:\/\/chiury.it\/de\/product\/olive-nere-intaccate\/\" \/>\n<meta property=\"og:locale\" content=\"de_DE\" \/>\n<meta property=\"og:type\" content=\"article\" \/>\n<meta property=\"og:title\" content=\"Gew\u00fcrzte schwarze Oliven 300gr - Chiury\" \/>\n<meta property=\"og:description\" content=\"Die Olive nere intaccate geh\u00f6ren ebenfalls zur kulinarischen Tradition Kalabriens.\" \/>\n<meta property=\"og:url\" content=\"https:\/\/chiury.it\/de\/product\/olive-nere-intaccate\/\" \/>\n<meta property=\"og:site_name\" content=\"Chiury\" \/>\n<meta property=\"article:modified_time\" content=\"2021-12-14T16:12:43+00:00\" \/>\n<meta property=\"og:image\" content=\"https:\/\/chiury.it\/wp-content\/uploads\/2021\/08\/Olive-nere-sottolio.png\" \/>\n\t<meta property=\"og:image:width\" content=\"800\" \/>\n\t<meta property=\"og:image:height\" content=\"1080\" \/>\n\t<meta property=\"og:image:type\" content=\"image\/png\" \/>\n<meta name=\"twitter:card\" content=\"summary_large_image\" \/>\n<meta name=\"twitter:label1\" content=\"Gesch\u00e4tzte Lesezeit\" \/>\n\t<meta name=\"twitter:data1\" content=\"1\u00a0Minute\" \/>\n<script type=\"application\/ld+json\" class=\"yoast-schema-graph\">{\"@context\":\"https:\/\/schema.org\",\"@graph\":[{\"@type\":\"WebPage\",\"@id\":\"https:\/\/chiury.it\/de\/product\/olive-nere-intaccate\/\",\"url\":\"https:\/\/chiury.it\/de\/product\/olive-nere-intaccate\/\",\"name\":\"Gew\u00fcrzte schwarze Oliven 300gr - Chiury\",\"isPartOf\":{\"@id\":\"https:\/\/chiury.it\/#website\"},\"primaryImageOfPage\":{\"@id\":\"https:\/\/chiury.it\/de\/product\/olive-nere-intaccate\/#primaryimage\"},\"image\":{\"@id\":\"https:\/\/chiury.it\/de\/product\/olive-nere-intaccate\/#primaryimage\"},\"thumbnailUrl\":\"https:\/\/chiury.it\/wp-content\/uploads\/2021\/08\/Olive-nere-sottolio.png\",\"datePublished\":\"2021-08-04T08:08:42+00:00\",\"dateModified\":\"2021-12-14T16:12:43+00:00\",\"breadcrumb\":{\"@id\":\"https:\/\/chiury.it\/de\/product\/olive-nere-intaccate\/#breadcrumb\"},\"inLanguage\":\"de\",\"potentialAction\":[{\"@type\":\"ReadAction\",\"target\":[\"https:\/\/chiury.it\/de\/product\/olive-nere-intaccate\/\"]}]},{\"@type\":\"ImageObject\",\"inLanguage\":\"de\",\"@id\":\"https:\/\/chiury.it\/de\/product\/olive-nere-intaccate\/#primaryimage\",\"url\":\"https:\/\/chiury.it\/wp-content\/uploads\/2021\/08\/Olive-nere-sottolio.png\",\"contentUrl\":\"https:\/\/chiury.it\/wp-content\/uploads\/2021\/08\/Olive-nere-sottolio.png\",\"width\":800,\"height\":1080},{\"@type\":\"BreadcrumbList\",\"@id\":\"https:\/\/chiury.it\/de\/product\/olive-nere-intaccate\/#breadcrumb\",\"itemListElement\":[{\"@type\":\"ListItem\",\"position\":1,\"name\":\"Home\",\"item\":\"https:\/\/chiury.it\/de\/\"},{\"@type\":\"ListItem\",\"position\":2,\"name\":\"Shop\",\"item\":\"https:\/\/chiury.it\/shop\/\"},{\"@type\":\"ListItem\",\"position\":3,\"name\":\"Gew\u00fcrzte schwarze Oliven 300gr\"}]},{\"@type\":\"WebSite\",\"@id\":\"https:\/\/chiury.it\/#website\",\"url\":\"https:\/\/chiury.it\/\",\"name\":\"Chiury\",\"description\":\"Organically Grown Olives\",\"publisher\":{\"@id\":\"https:\/\/chiury.it\/#organization\"},\"potentialAction\":[{\"@type\":\"SearchAction\",\"target\":{\"@type\":\"EntryPoint\",\"urlTemplate\":\"https:\/\/chiury.it\/?s={search_term_string}\"},\"query-input\":\"required name=search_term_string\"}],\"inLanguage\":\"de\"},{\"@type\":\"Organization\",\"@id\":\"https:\/\/chiury.it\/#organization\",\"name\":\"Chiury\",\"url\":\"https:\/\/chiury.it\/\",\"logo\":{\"@type\":\"ImageObject\",\"inLanguage\":\"de\",\"@id\":\"https:\/\/chiury.it\/#\/schema\/logo\/image\/\",\"url\":\"https:\/\/chiury.it\/wp-content\/uploads\/2021\/08\/Risorsa-10Ramo-olive.png\",\"contentUrl\":\"https:\/\/chiury.it\/wp-content\/uploads\/2021\/08\/Risorsa-10Ramo-olive.png\",\"width\":180,\"height\":213,\"caption\":\"Chiury\"},\"image\":{\"@id\":\"https:\/\/chiury.it\/#\/schema\/logo\/image\/\"}}]}<\/script>\n<!-- \/ Yoast SEO plugin. -->","yoast_head_json":{"title":"Gew\u00fcrzte schwarze Oliven 300gr - Chiury","robots":{"index":"index","follow":"follow","max-snippet":"max-snippet:-1","max-image-preview":"max-image-preview:large","max-video-preview":"max-video-preview:-1"},"canonical":"https:\/\/chiury.it\/de\/product\/olive-nere-intaccate\/","og_locale":"de_DE","og_type":"article","og_title":"Gew\u00fcrzte schwarze Oliven 300gr - Chiury","og_description":"Die Olive nere intaccate geh\u00f6ren ebenfalls zur kulinarischen Tradition Kalabriens.","og_url":"https:\/\/chiury.it\/de\/product\/olive-nere-intaccate\/","og_site_name":"Chiury","article_modified_time":"2021-12-14T16:12:43+00:00","og_image":[{"width":800,"height":1080,"url":"https:\/\/chiury.it\/wp-content\/uploads\/2021\/08\/Olive-nere-sottolio.png","type":"image\/png"}],"twitter_card":"summary_large_image","twitter_misc":{"Gesch\u00e4tzte Lesezeit":"1\u00a0Minute"},"schema":{"@context":"https:\/\/schema.org","@graph":[{"@type":"WebPage","@id":"https:\/\/chiury.it\/de\/product\/olive-nere-intaccate\/","url":"https:\/\/chiury.it\/de\/product\/olive-nere-intaccate\/","name":"Gew\u00fcrzte schwarze Oliven 300gr - Chiury","isPartOf":{"@id":"https:\/\/chiury.it\/#website"},"primaryImageOfPage":{"@id":"https:\/\/chiury.it\/de\/product\/olive-nere-intaccate\/#primaryimage"},"image":{"@id":"https:\/\/chiury.it\/de\/product\/olive-nere-intaccate\/#primaryimage"},"thumbnailUrl":"https:\/\/chiury.it\/wp-content\/uploads\/2021\/08\/Olive-nere-sottolio.png","datePublished":"2021-08-04T08:08:42+00:00","dateModified":"2021-12-14T16:12:43+00:00","breadcrumb":{"@id":"https:\/\/chiury.it\/de\/product\/olive-nere-intaccate\/#breadcrumb"},"inLanguage":"de","potentialAction":[{"@type":"ReadAction","target":["https:\/\/chiury.it\/de\/product\/olive-nere-intaccate\/"]}]},{"@type":"ImageObject","inLanguage":"de","@id":"https:\/\/chiury.it\/de\/product\/olive-nere-intaccate\/#primaryimage","url":"https:\/\/chiury.it\/wp-content\/uploads\/2021\/08\/Olive-nere-sottolio.png","contentUrl":"https:\/\/chiury.it\/wp-content\/uploads\/2021\/08\/Olive-nere-sottolio.png","width":800,"height":1080},{"@type":"BreadcrumbList","@id":"https:\/\/chiury.it\/de\/product\/olive-nere-intaccate\/#breadcrumb","itemListElement":[{"@type":"ListItem","position":1,"name":"Home","item":"https:\/\/chiury.it\/de\/"},{"@type":"ListItem","position":2,"name":"Shop","item":"https:\/\/chiury.it\/shop\/"},{"@type":"ListItem","position":3,"name":"Gew\u00fcrzte schwarze Oliven 300gr"}]},{"@type":"WebSite","@id":"https:\/\/chiury.it\/#website","url":"https:\/\/chiury.it\/","name":"Chiury","description":"Organically Grown Olives","publisher":{"@id":"https:\/\/chiury.it\/#organization"},"potentialAction":[{"@type":"SearchAction","target":{"@type":"EntryPoint","urlTemplate":"https:\/\/chiury.it\/?s={search_term_string}"},"query-input":"required name=search_term_string"}],"inLanguage":"de"},{"@type":"Organization","@id":"https:\/\/chiury.it\/#organization","name":"Chiury","url":"https:\/\/chiury.it\/","logo":{"@type":"ImageObject","inLanguage":"de","@id":"https:\/\/chiury.it\/#\/schema\/logo\/image\/","url":"https:\/\/chiury.it\/wp-content\/uploads\/2021\/08\/Risorsa-10Ramo-olive.png","contentUrl":"https:\/\/chiury.it\/wp-content\/uploads\/2021\/08\/Risorsa-10Ramo-olive.png","width":180,"height":213,"caption":"Chiury"},"image":{"@id":"https:\/\/chiury.it\/#\/schema\/logo\/image\/"}}]}},"_links":{"self":[{"href":"https:\/\/chiury.it\/de\/wp-json\/wp\/v2\/product\/989008","targetHints":{"allow":["GET"]}}],"collection":[{"href":"https:\/\/chiury.it\/de\/wp-json\/wp\/v2\/product"}],"about":[{"href":"https:\/\/chiury.it\/de\/wp-json\/wp\/v2\/types\/product"}],"version-history":[{"count":4,"href":"https:\/\/chiury.it\/de\/wp-json\/wp\/v2\/product\/989008\/revisions"}],"predecessor-version":[{"id":989399,"href":"https:\/\/chiury.it\/de\/wp-json\/wp\/v2\/product\/989008\/revisions\/989399"}],"wp:featuredmedia":[{"embeddable":true,"href":"https:\/\/chiury.it\/de\/wp-json\/wp\/v2\/media\/988488"}],"wp:attachment":[{"href":"https:\/\/chiury.it\/de\/wp-json\/wp\/v2\/media?parent=989008"}],"wp:term":[{"taxonomy":"product_cat","embeddable":true,"href":"https:\/\/chiury.it\/de\/wp-json\/wp\/v2\/product_cat?post=989008"},{"taxonomy":"product_tag","embeddable":true,"href":"https:\/\/chiury.it\/de\/wp-json\/wp\/v2\/product_tag?post=989008"}],"curies":[{"name":"wp","href":"https:\/\/api.w.org\/{rel}","templated":true}]}}

Gewürzte schwarze Oliven 300gr

<div class="vgblk-rw-wrapper limit-wrapper">Die Olive nere intaccate gehören ebenfalls zur kulinarischen Tradition Kalabriens.Mit dieser außergewöhnlichen Zubereitungsart können Sie die schwarzen Oliven in Öl konservieren, gewürzt mit duftenden Aromen wie Origano, Knoblauch, Fenchel und Peperoncino.<br />
Hervorragend geeignet als Vorspeise, aber genauso als Beilage beim ersten oder dem zweiten Gang, um Fleisch, Fisch oder Gemüse zu verfeinern sowie eine Pizza.</div>
<p><!-- .vgblk-rw-wrapper --></p>

<p>Die Olive nere intaccate gehören ebenfalls zur kulinarischen Tradition Kalabriens.</p>

<!-- This site is optimized with the Yoast SEO plugin v23.3 - https://yoast.com/wordpress/plugins/seo/ -->
<title>Gewürzte schwarze Oliven 300gr - Chiury</title>
<meta name="robots" content="index, follow, max-snippet:-1, max-image-preview:large, max-video-preview:-1" />
<link rel="canonical" href="https://chiury.it/de/product/olive-nere-intaccate/" />
<meta property="og:locale" content="de_DE" />
<meta property="og:type" content="article" />
<meta property="og:title" content="Gewürzte schwarze Oliven 300gr - Chiury" />
<meta property="og:description" content="Die Olive nere intaccate gehören ebenfalls zur kulinarischen Tradition Kalabriens." />
<meta property="og:url" content="https://chiury.it/de/product/olive-nere-intaccate/" />
<meta property="og:site_name" content="Chiury" />
<meta property="article:modified_time" content="2021-12-14T16:12:43+00:00" />
<meta property="og:image" content="https://chiury.it/wp-content/uploads/2021/08/Olive-nere-sottolio.png" />
	<meta property="og:image:width" content="800" />
	<meta property="og:image:height" content="1080" />
	<meta property="og:image:type" content="image/png" />
<meta name="twitter:card" content="summary_large_image" />
<meta name="twitter:label1" content="Geschätzte Lesezeit" />
	<meta name="twitter:data1" content="1 Minute" />
<script type="application/ld+json" class="yoast-schema-graph">{"@context":"https://schema.org","@graph":[{"@type":"WebPage","@id":"https://chiury.it/de/product/olive-nere-intaccate/","url":"https://chiury.it/de/product/olive-nere-intaccate/","name":"Gewürzte schwarze Oliven 300gr - Chiury","isPartOf":{"@id":"https://chiury.it/#website"},"primaryImageOfPage":{"@id":"https://chiury.it/de/product/olive-nere-intaccate/#primaryimage"},"image":{"@id":"https://chiury.it/de/product/olive-nere-intaccate/#primaryimage"},"thumbnailUrl":"https://chiury.it/wp-content/uploads/2021/08/Olive-nere-sottolio.png","datePublished":"2021-08-04T08:08:42+00:00","dateModified":"2021-12-14T16:12:43+00:00","breadcrumb":{"@id":"https://chiury.it/de/product/olive-nere-intaccate/#breadcrumb"},"inLanguage":"de","potentialAction":[{"@type":"ReadAction","target":["https://chiury.it/de/product/olive-nere-intaccate/"]}]},{"@type":"ImageObject","inLanguage":"de","@id":"https://chiury.it/de/product/olive-nere-intaccate/#primaryimage","url":"https://chiury.it/wp-content/uploads/2021/08/Olive-nere-sottolio.png","contentUrl":"https://chiury.it/wp-content/uploads/2021/08/Olive-nere-sottolio.png","width":800,"height":1080},{"@type":"BreadcrumbList","@id":"https://chiury.it/de/product/olive-nere-intaccate/#breadcrumb","itemListElement":[{"@type":"ListItem","position":1,"name":"Home","item":"https://chiury.it/de/"},{"@type":"ListItem","position":2,"name":"Shop","item":"https://chiury.it/shop/"},{"@type":"ListItem","position":3,"name":"Gewürzte schwarze Oliven 300gr"}]},{"@type":"WebSite","@id":"https://chiury.it/#website","url":"https://chiury.it/","name":"Chiury","description":"Organically Grown Olives","publisher":{"@id":"https://chiury.it/#organization"},"potentialAction":[{"@type":"SearchAction","target":{"@type":"EntryPoint","urlTemplate":"https://chiury.it/?s={search_term_string}"},"query-input":"required name=search_term_string"}],"inLanguage":"de"},{"@type":"Organization","@id":"https://chiury.it/#organization","name":"Chiury","url":"https://chiury.it/","logo":{"@type":"ImageObject","inLanguage":"de","@id":"https://chiury.it/#/schema/logo/image/","url":"https://chiury.it/wp-content/uploads/2021/08/Risorsa-10Ramo-olive.png","contentUrl":"https://chiury.it/wp-content/uploads/2021/08/Risorsa-10Ramo-olive.png","width":180,"height":213,"caption":"Chiury"},"image":{"@id":"https://chiury.it/#/schema/logo/image/"}}]}</script>
<!-- / Yoast SEO plugin. -->

Gewürzte schwarze Oliven 300gr - Chiury

Die Olive nere intaccate gehören ebenfalls zur kulinarischen Tradition Kalabriens.
